e -2*u - 4*r + 16 + 4 = 0, -24 = -w*u - 4*r. Suppose -k = -u*x + 23, 2*k - 18 = -4*x + 4*k. Let i(a) = -a + 10. Give i(x).
3
Let y(d) = 2*d - 22. Let z be y(12). Let p be ((-3)/6)/(z/4). Let i(w) = 2*w**3 + w**2 + w. Calculate i(p).
-2
Suppose -2*a + 1 + 3 = 0. Let i(q) = -q**2 + 6*q + 2. Let o(h) = -2*h**2 + 12*h + 5. Let m = 35 - 40. Let j(f) = a*o(f) + m*i(f). Give j(5).
-5
Let x(h) = -10*h + 4. Let r(m) be the first derivative of 19*m**2/2 - 6*m + 3. Let o(w) = -3*r(w) - 5*x(w). Calculate o(2).
-16
Let y be -10 - (4 + (-6 - -3)). Let s(b) = -b - 20. Let f be s(y). Let n(g) = g + 4. Calculate n(f).
-5
Suppose 2*g - 34 = -6. Let i = -10 + g. Suppose -i*u + 5*f = 10, 2*u - 2*f = -2 - 4. Let a(s) = -s**2 - 4*s + 7. What is a(u)?
2
Let o = 581 - 577. Let l(x) be the first derivative of 0*x - 1/2*x**2 + o - 1/3*x**3. Calculate l(2).
-6
Let r(y) = y**2 + 2. Let z(i) = i - 7. Let n(b) = 1. Let o(w) = 6*n(w) + z(w). Let q be o(1). Let f be ((q/(-4))/2)/(-2). What is r(f)?
2
Let f(h) = -h**2 - 2*h + 335. Let g be f(-20). Let c(r) = r**3 + 24*r**2 - 25*r + 4. Calculate c(g).
4
Let z(w) = w**3 + 5*w**2 - 5*w + 8. Let l be z(-6). Suppose -2*y + l - 4 = 0. Let m be (8/4)/(-1 + y). Let k(f) = -7*f**2 + f + 1. Calculate k(m).
-7
Let l(z) = -2*z**2 + 9*z - 15. Let b be l(2). Let f(t) = -t - 3. What is f(b)?
2
Let r(s) = 85*s - 35. Let g(d) = -5*d + 2. Let z(f) = 35*g(f) + 2*r(f). Give z(3).
-15
Let g(h) = -9*h - 27. Let r(f) = -40*f - 106. Let m(a) = 9*g(a) - 2*r(a). Determine m(-24).
-7
Let p(b) = 17 - 4 - 3 + 2*b + 14 + b. What is p(-9)?
-3
Let g be -6*-10*4/48. Suppose -2*c = -3*c - 2*l + 9, -g*l - 2 = -c. Let o(v) = 4*v**2 + 4*v - 2 + c - 5*v**2 + 1. Give o(6).
-6
Let w(u) be the third derivative of 1/12*u**4 + 0 + 0*u - 10*u**2 + 4*u**3. Let s be w(-12). Let a(x) = x**3 + x**2 + 7. What is a(s)?
7
Let f(z) = z + 4. Let b = -12 - -8. Let w(d) = 1. Let u(t) = b*w(t) + f(t). Let h(x) = -12*x. Let o(s) = -h(s) - 8*u(s). Give o(2).
8
Let h(r) = -r - 6. Let i be h(-29). Let d(s) = 4*s**2 - 4*s**3 - i + 28 + 5*s + 3*s**3. Calculate d(5).
5
Let l(b) = 8*b + 10*b + 5*b**3 + 4 - 12*b + 6*b**2 - 6*b**3. Suppose 5*q = q + 28. What is l(q)?
-3
Let l(u) = u**3 + 3*u**2 + u - 1. Let g = -55 - 36. Let x be (-6)/39 + 259/g. What is l(x)?
-4
Let w be 6 - 1 - (11 - 12). Let q(t) = t**3 - 7*t**2 + 7*t - 4. Let v be q(w). Let a(x) = 3 + v + 0*x**2 - 6 + x**2 - 3*x. Calculate a(3).
-1
Let f = -50 - -50. Suppose -3*b = -b + j, b + 5*j - 18 = f. Let t(k) = -5*k**2 - 2*k + 1. What is t(b)?
-15
Let y(w) be the third derivative of 11/6*w**3 - 5/24*w**4 + 11*w**2 + 0*w + 0. Give y(8).
-29
Let u(q) = 3*q - 2*q**2 + q**2 - 3 + 0*q. Let d(a) = 609*a + 3. Let t be d(0). What is u(t)?
-3
Let n(r) = -4*r**3 + 9*r**2 + 21. Let g(p) = -3*p**3 + 9*p**2 + 2*p + 18. Let x(u) = -3*g(u) + 2*n(u). Determine x(10).
28
Let l(d) = d**3 + 6*d**2 - 3*d + 20. Let r be l(-7). Let n(f) = f**2 + 3*f - 9. Calculate n(r).
31
Let m = -7 - -7. Let v(l) = -4*l**2 + 7*l**3 - 6*l**3 + 4*l + m*l**2. Let o be ((-60)/(-9))/2 + (-4)/12. Give v(o).
3
Suppose -3*v + 15 = -4*c + 2*c, -5*v = c - 12. Suppose -3*h - 19 = v*d + h, -7 = -d + 2*h. Let a(z) = z. Determine a(d).
-1
Let u(s) be the first derivative of -s**3/3 + 7*s**2/2 - 2*s + 398. Let x(d) = d**2 + 6*d + 1. Let b be x(-7). Determine u(b).
-10
Suppose -2*t - 16 + 12 = 0. Let b(r) = r**3 + 2*r**2 - 2*r - 3. Calculate b(t).
1
Let t(a) = 4*a + 129. Let l be t(-31). Let m(p) = p - 4. Determine m(l).
1
Let j = 6 + -1. Suppose -3*v + j = -h, -5*h - 6 - 9 = -5*v. Let i(u) = -3*u + 2 + 3 - 4. Determine i(h).
7
Let p(n) = -2*n**2 + 2. Let a(t) = 7 - 4*t**2 + t**3 + 1 + 7*t - 2*t**3. Let o be a(-5). Give p(o).
-6
Let d(n) = 3*n - 4. Let b = 2291 + -2290. Determine d(b).
-1
Let r(o) be the first derivative of o**4/2 - 4*o**3/3 - 2*o - 184. Let w(k) = -k**2 - 7*k - 5. Let l be w(-5). Suppose 0 = -l*s + 8 + 7. Calculate r(s).
16
Let q(i) be the second derivative of 0*i**2 + 0*i**4 - 2*i - 1/3*i**3 + 0 + 1/60*i**5. Let o(l) be the second derivative of q(l). Determine o(-3).
-6
Suppose -5*t + 35 = -0*t. Let q(z) be the second derivative of z**3/6 - 19*z. Give q(t).
7
Let o(g) = -g**2 + 4*g - 3. Let i = -17 - -16. Let p(l) = l - 1. Let x(r) = i*o(r) + 5*p(r). Calculate x(0).
-2
Let c(d) = -d**3 + 4*d**2 + 7*d - 8. Let u be c(5). Let b be u/(-13) - (-540)/130. Suppose b*q + 0*q = -24. Let r(v) = v**3 + 5*v**2 - 6*v - 5. Give r(q).
-5
Let t(y) be the third derivative of -y**4/8 + 2*y**3/3 - 1924*y**2. Suppose -h - h = -2*b, -4*h = -3*b - 5. Give t(h).
-11
Let k(c) be the third derivative of 13*c**6/120 - c**5/60 + c**4/24 + c**3/6 + 142*c**2. What is k(-1)?
-14
Let s(c) = -298*c**3 - c**2 - 18*c + 25. Let f(r) = -37*r**3 - 2*r + 3. Let w(u) = 17*f(u) - 2*s(u). What is w(-1)?
34
Let u(x) = x**2 + 8*x - 1. Let s(f) = 5*f**2 + 41*f - 5. Let i(h) = 2*s(h) - 11*u(h). Suppose 6 + 5 = -a. Let j = a - -5. What is i(j)?
1
Let v(g) = -3*g - 6. Suppose -30 = 2*h - 5*y, -2*h = 2*h + 2*y + 36. Let u = h + -4. Let n = 9 + u. Give v(n).
9
Let n be 2*(-2)/(-4)*-4. Let j(y) = -14*y - 6. Let l(a) = 2*a**2 - 11*a - 3. Let t be l(6). Let h(x) = -5*x - 2. Let z(o) = t*j(o) - 8*h(o). Determine z(n).
6
Let b(o) be the first derivative of -o**3/3 + 3*o**2 + 6*o + 18. Determine b(7).
-1
Let p(h) = -h**2 - 7*h + 14. Let g be p(-9). Let x(c) = -2*c + 4*c - 2 - 3 + 11. Determine x(g).
-2
Let t(n) = n**2 + 8*n - 7. Suppose 56 = 2*c - 9*c. Calculate t(c).
-7
Let z(c) = 4*c + 82*c**2 - 81*c**2 - 6 + 11*c + 0. What is z(-16)?
10
Let s(q) = -10*q**3 + q + 4. Let w be (-3)/(3/4)*1. Let f(v) = v**3 - 1. Let c(o) = w*f(o) - s(o). Suppose 3*d = -4*x + 2, 2*d + 0*d = 3*x + 7. Give c(x).
-5
Let y(t) = -5*t - 51. Let c be y(-12). Let b(p) be the first derivative of -p**2 + 11*p - 2. Calculate b(c).
-7
Suppose 0 = 10*q - 9 - 81. Let x(k) = -k**3 + 9*k**2 - 2*k + 16. What is x(q)?
-2
Let n(c) = -3*c. Let b = 9 + 13. Suppose 3*k = 19 - b. Give n(k).
3
Let t(i) be the third derivative of -i**6/120 + i**5/60 + i**4/8 - i**3/2 - i**2. Let n = -292 + 294. Determine t(n).
-1
Let o(r) = -15 + 21 + 5 + 7 - 2*r + 10. What is o(12)?
4
Let q be ((0/(-2))/2)/1. Let p be -2 + 1 + 19 + q. Suppose -4*z = -z + p. Let t(d) = d**3 + 7*d**2 + 8*d + 9. Calculate t(z).
-3
Suppose 2*t = -4*w + 10, -30*w = -3*t - 33*w + 12. Let p(s) = -s**3 + 3*s**2 - s - 1. What is p(t)?
-4
Let x(s) = s**2 + 4*s - 7. Let z be -10 + (5 - 3) - -8. Give x(z).
-7
Let p = 14 - 7. Suppose t = 5*r - p, -2 + 4 = r. Let a(x) = -x + 1. Calculate a(t).
-2
Suppose 9 = -7*h + 4*h. Let t(q) = q**3 + 4*q**2 - q. Calculate t(h).
12
Let m(g) = -2*g + 7 + 2 + 0*g - 9 - 14. Give m(-7).
0
Let y(f) = -361*f**3 + 6 + 720*f**3 - 8*f + 6*f**2 - 360*f**3. What is y(5)?
-9
Let o(w) be the second derivative of w**4/12 - 2*w**3 + 2*w**2 + 90*w. What is o(12)?
4
Let j(q) = 8*q - 16. Let v(k) = 11*k - 24. Let c(l) = -7*j(l) + 5*v(l). Determine c(-8).
0
Let k(b) be the first derivative of -b**2/2 + 13*b - 100. Calculate k(9).
4
Let d(q) = -q**2 - 10*q + 2. Let u = 233 - 242. Give d(u).
11
Let s(m) = -m**3 + 11*m**2 + m - 8. Let u be s(11). Let o(t) = -8*t + 2*t**2 + u*t + 3*t. Calculate o(2).
4
Let h(y) = -y**3 - y**2 + 13*y - 2. Let o(z) = 25*z - 122. Let g be o(5). What is h(g)?
1
Let v(f) = f**3 - 6*f**2 - 6*f + 3. Suppose -4*b + 10 = -3*b - l, -l + 11 = 2*b. Give v(b).
10
Let b = 4 + -4. Let v(h) = -4*h**2 - 4*h + 10. Let o(j) = 3*j**2 + 3*j - 10. Let k(s) = -3*o(s) - 2*v(s). What is k(b)?
10
Let s = -78 - -82. Suppose -s*j - 49 = -5*x, 45 = -3*j - 2*j + 3*x. Let i(c) = c**3 + 7*c**2 + 8*c + 7. Determine i(j).
-5
Let t = 389 - 379. Let l(f) = -f**3 + 12*f**2 - 21*f + 11. Calculate l(t).
1
Suppose 4*r + 76 = 5*f - 3*f, -4*f - 3*r = -130. Let x be f/(-30) + 1 - (-288)/135. Let j(p) = -5*p**2 + p - 1. Give j(x).
-19
Let p(k) = k - 1. Let t be p(-1). Let a(x) = 3*x**2 - 232 + 698 + x + x - 234 - 230. Give a(t).
10
Let f(n) = 37 - 27 - 11 - 3*n. Suppose 4*g - 12 + 2 = 2*t, 5*t + 5*g = 35. Suppose l - 2 = 5*q, 5*q - 2*q + t = 0. What is f(l)?
8
Let m(y) be the third derivative of -7*y**4/24 + 97*y**2. Suppose -2*s = 3*z - 7*s + 13, 0 = -4*z + 4*s - 12. What is m(z)?
7
Let n(j) = 75*j**2 + 3 - 1 - 6*j - 67*j**2 + 4 - j**3. What is n(7)?
13
Let b(g) = 5*g + 2. Suppose 75*z + 368 + 2